{"id":55,"date":"2021-01-11T11:29:51","date_gmt":"2021-01-11T10:29:51","guid":{"rendered":"http:\/\/fabric-insa.fr\/site\/?page_id=55"},"modified":"2025-07-28T11:37:38","modified_gmt":"2025-07-28T09:37:38","slug":"materiel","status":"publish","type":"page","link":"https:\/\/fabric-insa.fr\/site\/materiel\/","title":{"rendered":"Mat\u00e9riel"},"content":{"rendered":"\n<p>Fabric\u2019INSA a pour vocation de mettre \u00e0 disposition un large panel de machine et de petit mat\u00e9riel afin de r\u00e9pondre aux projets les plus vari\u00e9s.<\/p>\n\n\n\n<p>De la scie \u00e0 onglet \u00e0 l\u2019imprimante 3D en passant par la machine \u00e0 coudre, vous trouverez ici le d\u00e9tail de notre mat\u00e9riel.<\/p>\n\n\n\n<div class=\"wp-block-columns is-layout-flex wp-container-core-columns-is-layout-9d6595d7 wp-block-columns-is-layout-flex\">\n<div class=\"wp-block-column is-layout-flow wp-block-column-is-layout-flow\">\n<p class=\"has-text-align-center\"><strong><a href=\"http:\/\/fabric-insa.fr\/site\/materiel\/cao\/\" data-type=\"URL\" data-id=\"http:\/\/fabric-insa.fr\/site\/materiel\/cao\/\">CAO : Conception assist\u00e9 par ordinateur<\/a><\/strong><\/p>\n\n\n\n<figure class=\"wp-block-image aligncenter size-large is-resized\"><a href=\"http:\/\/fabric-insa.fr\/site\/materiel\/cao\/\"><img loading=\"lazy\" decoding=\"async\" width=\"626\" height=\"626\" class=\"wp-image-56\" style=\"width: 250px; height: 250px;\" src=\"http:\/\/fabric-insa.fr\/site\/wp-content\/uploads\/2021\/01\/3d-lettres-d-39-impression-de-l-39-imprimante_318-59992.jpg\" alt=\"Imprimante 3D\" srcset=\"https:\/\/fabric-insa.fr\/site\/wp-content\/uploads\/2021\/01\/3d-lettres-d-39-impression-de-l-39-imprimante_318-59992.jpg 626w, https:\/\/fabric-insa.fr\/site\/wp-content\/uploads\/2021\/01\/3d-lettres-d-39-impression-de-l-39-imprimante_318-59992-300x300.jpg 300w, https:\/\/fabric-insa.fr\/site\/wp-content\/uploads\/2021\/01\/3d-lettres-d-39-impression-de-l-39-imprimante_318-59992-150x150.jpg 150w, https:\/\/fabric-insa.fr\/site\/wp-content\/uploads\/2021\/01\/3d-lettres-d-39-impression-de-l-39-imprimante_318-59992-60x60.jpg 60w\" sizes=\"auto, (max-width: 626px) 100vw, 626px\" \/><\/a><\/figure>\n<\/div>\n\n\n\n<div class=\"wp-block-column is-layout-flow wp-block-column-is-layout-flow\">\n<p class=\"has-text-align-center\"><strong><a href=\"https:\/\/fabric-insa.fr\/site\/materiel\/atelier\/\">M\u00e9canique<\/a><\/strong><\/p>\n\n\n<div class=\"wp-block-image is-resized\">\n<figure class=\"aligncenter size-large\"><a href=\"https:\/\/fabric-insa.fr\/site\/materiel\/atelier\/\"><img loading=\"lazy\" decoding=\"async\" width=\"256\" height=\"256\" src=\"http:\/\/fabric-insa.fr\/site\/wp-content\/uploads\/2021\/01\/toolbox3.png\" alt=\"Boite \u00e0 outils\" class=\"wp-image-57\" srcset=\"https:\/\/fabric-insa.fr\/site\/wp-content\/uploads\/2021\/01\/toolbox3.png 256w, https:\/\/fabric-insa.fr\/site\/wp-content\/uploads\/2021\/01\/toolbox3-150x150.png 150w, https:\/\/fabric-insa.fr\/site\/wp-content\/uploads\/2021\/01\/toolbox3-60x60.png 60w\" sizes=\"auto, (max-width: 256px) 100vw, 256px\" \/><\/a><\/figure>\n<\/div><\/div>\n<\/div>\n\n\n\n<div class=\"wp-block-columns is-layout-flex wp-container-core-columns-is-layout-9d6595d7 wp-block-columns-is-layout-flex\">\n<div class=\"wp-block-column is-layout-flow wp-block-column-is-layout-flow\">\n<p class=\"has-text-align-center\"><strong><a href=\"http:\/\/fabric-insa.fr\/site\/electronique\/\">\u00c9lectronique<\/a><\/strong><\/p>\n\n\n<div class=\"wp-block-image is-resized\">\n<figure class=\"aligncenter size-large\"><a href=\"http:\/\/fabric-insa.fr\/site\/electronique\/\"><img loading=\"lazy\" decoding=\"async\" width=\"256\" height=\"256\" src=\"http:\/\/fabric-insa.fr\/site\/wp-content\/uploads\/2021\/01\/ic.png\" alt=\"Puce \u00e9lectronique\" class=\"wp-image-59\" srcset=\"https:\/\/fabric-insa.fr\/site\/wp-content\/uploads\/2021\/01\/ic.png 256w, https:\/\/fabric-insa.fr\/site\/wp-content\/uploads\/2021\/01\/ic-150x150.png 150w, https:\/\/fabric-insa.fr\/site\/wp-content\/uploads\/2021\/01\/ic-60x60.png 60w\" sizes=\"auto, (max-width: 256px) 100vw, 256px\" \/><\/a><\/figure>\n<\/div><\/div>\n\n\n\n<div class=\"wp-block-column is-layout-flow wp-block-column-is-layout-flow\">\n<p class=\"has-text-align-center\"><strong><a href=\"http:\/\/fabric-insa.fr\/site\/divers\">Divers<\/a><\/strong><\/p>\n\n\n<div class=\"wp-block-image is-resized\">\n<figure class=\"aligncenter size-large\"><a href=\"fabric-insa.fr\/site\/divers\"><img loading=\"lazy\" decoding=\"async\" width=\"256\" height=\"256\" src=\"http:\/\/fabric-insa.fr\/site\/wp-content\/uploads\/2021\/01\/sensors.png\" alt=\"machines n\u00fameriques\" class=\"wp-image-60\" srcset=\"https:\/\/fabric-insa.fr\/site\/wp-content\/uploads\/2021\/01\/sensors.png 256w, https:\/\/fabric-insa.fr\/site\/wp-content\/uploads\/2021\/01\/sensors-150x150.png 150w, https:\/\/fabric-insa.fr\/site\/wp-content\/uploads\/2021\/01\/sensors-60x60.png 60w\" sizes=\"auto, (max-width: 256px) 100vw, 256px\" \/><\/a><\/figure>\n<\/div><\/div>\n<\/div>\n\n\n\n<div class=\"wp-block-columns is-layout-flex wp-container-core-columns-is-layout-9d6595d7 wp-block-columns-is-layout-flex\">\n<div class=\"wp-block-column is-layout-flow wp-block-column-is-layout-flow\"><\/div>\n\n\n\n<div class=\"wp-block-column is-layout-flow wp-block-column-is-layout-flow\">\n<p class=\"has-text-align-center\"><strong><a href=\"http:\/\/fabric-insa.fr\/site\/logiciels\/\">Logiciels<\/a><\/strong><\/p>\n\n\n\n<figure class=\"wp-block-image size-large is-resized\"><a href=\"http:\/\/fabric-insa.fr\/site\/logiciels\/\"><img loading=\"lazy\" decoding=\"async\" width=\"256\" height=\"256\" src=\"http:\/\/fabric-insa.fr\/site\/wp-content\/uploads\/2021\/01\/software_box_256.png\" alt=\"CD\" class=\"wp-image-61\" style=\"width:250px;height:250px\" srcset=\"https:\/\/fabric-insa.fr\/site\/wp-content\/uploads\/2021\/01\/software_box_256.png 256w, https:\/\/fabric-insa.fr\/site\/wp-content\/uploads\/2021\/01\/software_box_256-150x150.png 150w, https:\/\/fabric-insa.fr\/site\/wp-content\/uploads\/2021\/01\/software_box_256-60x60.png 60w\" sizes=\"auto, (max-width: 256px) 100vw, 256px\" \/><\/a><\/figure>\n<\/div>\n\n\n\n<div class=\"wp-block-column is-layout-flow wp-block-column-is-layout-flow\"><\/div>\n<\/div>\n\n\n\n<p>L\u2019utilisation de certaines machines est soumise \u00e0 une tarification. Vous trouverez le d\u00e9tail de ces machines ainsi que les tarifs associ\u00e9s <a href=\"http:\/\/fabric-insa.fr\/site\/materiel\/tarifs\/\">ici<\/a>.<\/p>\n","protected":false},"excerpt":{"rendered":"<p>Fabric\u2019INSA a pour vocation de mettre \u00e0 disposition un large panel de machine et de petit mat\u00e9riel afin de r\u00e9pondre aux projets les plus vari\u00e9s. De la scie \u00e0 onglet \u00e0 l\u2019imprimante 3D en passant par la machine \u00e0 coudre, vous trouverez ici le d\u00e9tail de notre mat\u00e9riel. CAO : Conception assist\u00e9 par ordinateur M\u00e9canique [&hellip;]<\/p>\n","protected":false},"author":2,"featured_media":64,"parent":0,"menu_order":0,"comment_status":"closed","ping_status":"closed","template":"","meta":{"footnotes":""},"class_list":["post-55","page","type-page","status-publish","has-post-thumbnail","hentry"],"yoast_head":"<!-- This site is optimized with the Yoast SEO plugin v26.4 - https:\/\/yoast.com\/wordpress\/plugins\/seo\/ -->\n<title>Mat\u00e9riel - Fabric&#039;INSA<\/title>\n<meta name=\"robots\" content=\"index, follow, max-snippet:-1, max-image-preview:large, max-video-preview:-1\" \/>\n<link rel=\"canonical\" href=\"https:\/\/fabric-insa.fr\/site\/materiel\/\" \/>\n<meta property=\"og:locale\" content=\"fr_FR\" \/>\n<meta property=\"og:type\" content=\"article\" \/>\n<meta property=\"og:title\" content=\"Mat\u00e9riel - Fabric&#039;INSA\" \/>\n<meta property=\"og:description\" content=\"Fabric\u2019INSA a pour vocation de mettre \u00e0 disposition un large panel de machine et de petit mat\u00e9riel afin de r\u00e9pondre aux projets les plus vari\u00e9s. De la scie \u00e0 onglet \u00e0 l\u2019imprimante 3D en passant par la machine \u00e0 coudre, vous trouverez ici le d\u00e9tail de notre mat\u00e9riel. CAO : Conception assist\u00e9 par ordinateur M\u00e9canique [&hellip;]\" \/>\n<meta property=\"og:url\" content=\"https:\/\/fabric-insa.fr\/site\/materiel\/\" \/>\n<meta property=\"og:site_name\" content=\"Fabric&#039;INSA\" \/>\n<meta property=\"article:publisher\" content=\"https:\/\/facebook.com\/fabric.insa\" \/>\n<meta property=\"article:modified_time\" content=\"2025-07-28T09:37:38+00:00\" \/>\n<meta property=\"og:image\" content=\"https:\/\/fabric-insa.fr\/site\/wp-content\/uploads\/2021\/01\/IMG_0200-scaled.jpg\" \/>\n\t<meta property=\"og:image:width\" content=\"2560\" \/>\n\t<meta property=\"og:image:height\" content=\"1707\" \/>\n\t<meta property=\"og:image:type\" content=\"image\/jpeg\" \/>\n<meta name=\"twitter:card\" content=\"summary_large_image\" \/>\n<meta name=\"twitter:site\" content=\"@fabricinsa\" \/>\n<meta name=\"twitter:label1\" content=\"Dur\u00e9e de lecture estim\u00e9e\" \/>\n\t<meta name=\"twitter:data1\" content=\"2 minutes\" \/>\n<script type=\"application\/ld+json\" class=\"yoast-schema-graph\">{\"@context\":\"https:\/\/schema.org\",\"@graph\":[{\"@type\":\"WebPage\",\"@id\":\"https:\/\/fabric-insa.fr\/site\/materiel\/\",\"url\":\"https:\/\/fabric-insa.fr\/site\/materiel\/\",\"name\":\"Mat\u00e9riel - Fabric&#039;INSA\",\"isPartOf\":{\"@id\":\"https:\/\/fabric-insa.fr\/site\/#website\"},\"primaryImageOfPage\":{\"@id\":\"https:\/\/fabric-insa.fr\/site\/materiel\/#primaryimage\"},\"image\":{\"@id\":\"https:\/\/fabric-insa.fr\/site\/materiel\/#primaryimage\"},\"thumbnailUrl\":\"https:\/\/fabric-insa.fr\/site\/wp-content\/uploads\/2021\/01\/IMG_0200-scaled.jpg\",\"datePublished\":\"2021-01-11T10:29:51+00:00\",\"dateModified\":\"2025-07-28T09:37:38+00:00\",\"breadcrumb\":{\"@id\":\"https:\/\/fabric-insa.fr\/site\/materiel\/#breadcrumb\"},\"inLanguage\":\"fr-FR\",\"potentialAction\":[{\"@type\":\"ReadAction\",\"target\":[\"https:\/\/fabric-insa.fr\/site\/materiel\/\"]}]},{\"@type\":\"ImageObject\",\"inLanguage\":\"fr-FR\",\"@id\":\"https:\/\/fabric-insa.fr\/site\/materiel\/#primaryimage\",\"url\":\"https:\/\/fabric-insa.fr\/site\/wp-content\/uploads\/2021\/01\/IMG_0200-scaled.jpg\",\"contentUrl\":\"https:\/\/fabric-insa.fr\/site\/wp-content\/uploads\/2021\/01\/IMG_0200-scaled.jpg\",\"width\":2560,\"height\":1707},{\"@type\":\"BreadcrumbList\",\"@id\":\"https:\/\/fabric-insa.fr\/site\/materiel\/#breadcrumb\",\"itemListElement\":[{\"@type\":\"ListItem\",\"position\":1,\"name\":\"Accueil\",\"item\":\"https:\/\/fabric-insa.fr\/site\/\"},{\"@type\":\"ListItem\",\"position\":2,\"name\":\"Mat\u00e9riel\"}]},{\"@type\":\"WebSite\",\"@id\":\"https:\/\/fabric-insa.fr\/site\/#website\",\"url\":\"https:\/\/fabric-insa.fr\/site\/\",\"name\":\"Fabric'INSA\",\"description\":\"Le FabLab de l&#039;INSA Toulouse\",\"publisher\":{\"@id\":\"https:\/\/fabric-insa.fr\/site\/#organization\"},\"potentialAction\":[{\"@type\":\"SearchAction\",\"target\":{\"@type\":\"EntryPoint\",\"urlTemplate\":\"https:\/\/fabric-insa.fr\/site\/?s={search_term_string}\"},\"query-input\":{\"@type\":\"PropertyValueSpecification\",\"valueRequired\":true,\"valueName\":\"search_term_string\"}}],\"inLanguage\":\"fr-FR\"},{\"@type\":\"Organization\",\"@id\":\"https:\/\/fabric-insa.fr\/site\/#organization\",\"name\":\"Fabric'INSA\",\"url\":\"https:\/\/fabric-insa.fr\/site\/\",\"logo\":{\"@type\":\"ImageObject\",\"inLanguage\":\"fr-FR\",\"@id\":\"https:\/\/fabric-insa.fr\/site\/#\/schema\/logo\/image\/\",\"url\":\"http:\/\/fabric-insa.fr\/site\/wp-content\/uploads\/2021\/01\/LogoFabricINSA.png\",\"contentUrl\":\"http:\/\/fabric-insa.fr\/site\/wp-content\/uploads\/2021\/01\/LogoFabricINSA.png\",\"width\":595,\"height\":566,\"caption\":\"Fabric'INSA\"},\"image\":{\"@id\":\"https:\/\/fabric-insa.fr\/site\/#\/schema\/logo\/image\/\"},\"sameAs\":[\"https:\/\/facebook.com\/fabric.insa\",\"https:\/\/x.com\/fabricinsa\",\"https:\/\/www.instagram.com\/fabric_insa\",\"https:\/\/www.linkedin.com\/company\/fabric-insa\"]}]}<\/script>\n<!-- \/ Yoast SEO plugin. -->","yoast_head_json":{"title":"Mat\u00e9riel - Fabric&#039;INSA","robots":{"index":"index","follow":"follow","max-snippet":"max-snippet:-1","max-image-preview":"max-image-preview:large","max-video-preview":"max-video-preview:-1"},"canonical":"https:\/\/fabric-insa.fr\/site\/materiel\/","og_locale":"fr_FR","og_type":"article","og_title":"Mat\u00e9riel - Fabric&#039;INSA","og_description":"Fabric\u2019INSA a pour vocation de mettre \u00e0 disposition un large panel de machine et de petit mat\u00e9riel afin de r\u00e9pondre aux projets les plus vari\u00e9s. De la scie \u00e0 onglet \u00e0 l\u2019imprimante 3D en passant par la machine \u00e0 coudre, vous trouverez ici le d\u00e9tail de notre mat\u00e9riel. CAO : Conception assist\u00e9 par ordinateur M\u00e9canique [&hellip;]","og_url":"https:\/\/fabric-insa.fr\/site\/materiel\/","og_site_name":"Fabric&#039;INSA","article_publisher":"https:\/\/facebook.com\/fabric.insa","article_modified_time":"2025-07-28T09:37:38+00:00","og_image":[{"width":2560,"height":1707,"url":"https:\/\/fabric-insa.fr\/site\/wp-content\/uploads\/2021\/01\/IMG_0200-scaled.jpg","type":"image\/jpeg"}],"twitter_card":"summary_large_image","twitter_site":"@fabricinsa","twitter_misc":{"Dur\u00e9e de lecture estim\u00e9e":"2 minutes"},"schema":{"@context":"https:\/\/schema.org","@graph":[{"@type":"WebPage","@id":"https:\/\/fabric-insa.fr\/site\/materiel\/","url":"https:\/\/fabric-insa.fr\/site\/materiel\/","name":"Mat\u00e9riel - Fabric&#039;INSA","isPartOf":{"@id":"https:\/\/fabric-insa.fr\/site\/#website"},"primaryImageOfPage":{"@id":"https:\/\/fabric-insa.fr\/site\/materiel\/#primaryimage"},"image":{"@id":"https:\/\/fabric-insa.fr\/site\/materiel\/#primaryimage"},"thumbnailUrl":"https:\/\/fabric-insa.fr\/site\/wp-content\/uploads\/2021\/01\/IMG_0200-scaled.jpg","datePublished":"2021-01-11T10:29:51+00:00","dateModified":"2025-07-28T09:37:38+00:00","breadcrumb":{"@id":"https:\/\/fabric-insa.fr\/site\/materiel\/#breadcrumb"},"inLanguage":"fr-FR","potentialAction":[{"@type":"ReadAction","target":["https:\/\/fabric-insa.fr\/site\/materiel\/"]}]},{"@type":"ImageObject","inLanguage":"fr-FR","@id":"https:\/\/fabric-insa.fr\/site\/materiel\/#primaryimage","url":"https:\/\/fabric-insa.fr\/site\/wp-content\/uploads\/2021\/01\/IMG_0200-scaled.jpg","contentUrl":"https:\/\/fabric-insa.fr\/site\/wp-content\/uploads\/2021\/01\/IMG_0200-scaled.jpg","width":2560,"height":1707},{"@type":"BreadcrumbList","@id":"https:\/\/fabric-insa.fr\/site\/materiel\/#breadcrumb","itemListElement":[{"@type":"ListItem","position":1,"name":"Accueil","item":"https:\/\/fabric-insa.fr\/site\/"},{"@type":"ListItem","position":2,"name":"Mat\u00e9riel"}]},{"@type":"WebSite","@id":"https:\/\/fabric-insa.fr\/site\/#website","url":"https:\/\/fabric-insa.fr\/site\/","name":"Fabric'INSA","description":"Le FabLab de l&#039;INSA Toulouse","publisher":{"@id":"https:\/\/fabric-insa.fr\/site\/#organization"},"potentialAction":[{"@type":"SearchAction","target":{"@type":"EntryPoint","urlTemplate":"https:\/\/fabric-insa.fr\/site\/?s={search_term_string}"},"query-input":{"@type":"PropertyValueSpecification","valueRequired":true,"valueName":"search_term_string"}}],"inLanguage":"fr-FR"},{"@type":"Organization","@id":"https:\/\/fabric-insa.fr\/site\/#organization","name":"Fabric'INSA","url":"https:\/\/fabric-insa.fr\/site\/","logo":{"@type":"ImageObject","inLanguage":"fr-FR","@id":"https:\/\/fabric-insa.fr\/site\/#\/schema\/logo\/image\/","url":"http:\/\/fabric-insa.fr\/site\/wp-content\/uploads\/2021\/01\/LogoFabricINSA.png","contentUrl":"http:\/\/fabric-insa.fr\/site\/wp-content\/uploads\/2021\/01\/LogoFabricINSA.png","width":595,"height":566,"caption":"Fabric'INSA"},"image":{"@id":"https:\/\/fabric-insa.fr\/site\/#\/schema\/logo\/image\/"},"sameAs":["https:\/\/facebook.com\/fabric.insa","https:\/\/x.com\/fabricinsa","https:\/\/www.instagram.com\/fabric_insa","https:\/\/www.linkedin.com\/company\/fabric-insa"]}]}},"_links":{"self":[{"href":"https:\/\/fabric-insa.fr\/site\/wp-json\/wp\/v2\/pages\/55","targetHints":{"allow":["GET"]}}],"collection":[{"href":"https:\/\/fabric-insa.fr\/site\/wp-json\/wp\/v2\/pages"}],"about":[{"href":"https:\/\/fabric-insa.fr\/site\/wp-json\/wp\/v2\/types\/page"}],"author":[{"embeddable":true,"href":"https:\/\/fabric-insa.fr\/site\/wp-json\/wp\/v2\/users\/2"}],"replies":[{"embeddable":true,"href":"https:\/\/fabric-insa.fr\/site\/wp-json\/wp\/v2\/comments?post=55"}],"version-history":[{"count":16,"href":"https:\/\/fabric-insa.fr\/site\/wp-json\/wp\/v2\/pages\/55\/revisions"}],"predecessor-version":[{"id":779,"href":"https:\/\/fabric-insa.fr\/site\/wp-json\/wp\/v2\/pages\/55\/revisions\/779"}],"wp:featuredmedia":[{"embeddable":true,"href":"https:\/\/fabric-insa.fr\/site\/wp-json\/wp\/v2\/media\/64"}],"wp:attachment":[{"href":"https:\/\/fabric-insa.fr\/site\/wp-json\/wp\/v2\/media?parent=55"}],"curies":[{"name":"wp","href":"https:\/\/api.w.org\/{rel}","templated":true}]}}